{"id":6,"date":"2025-02-20T08:26:34","date_gmt":"2025-02-20T07:26:34","guid":{"rendered":"http:\/\/voltum.pl\/?page_id=6"},"modified":"2025-02-20T12:02:02","modified_gmt":"2025-02-20T11:02:02","slug":"home","status":"publish","type":"page","link":"http:\/\/voltum.pl\/","title":{"rendered":"Home"},"content":{"rendered":"\n<div class=\"wp-block-columns head is-layout-flex wp-container-core-columns-is-layout-9d6595d7 wp-block-columns-is-layout-flex\">\n<div class=\"wp-block-column is-layout-flow wp-block-column-is-layout-flow\">\n<div class=\"carousel\" data-flickity=\"{ &quot;autoPlay&quot;: true }\" data-js=\"hero-carousel\">\n\n<div class=\"hero-carousel__cell hero-carousel__cell--1\">\n<div class=\"head-sc\">\n<div class=\"head-slide\">\n<div class=\"image-1\"><img decoding=\"async\" loading=\"lazy\" src=\"http:\/\/voltum.pl\/wp-content\/uploads\/images\/slide-top-1.jpg\" alt=\"\"><\/div>\n<div class=\"image-2\"><img decoding=\"async\" loading=\"lazy\" src=\"http:\/\/voltum.pl\/wp-content\/uploads\/images\/slide-top-1-b.jpg\" alt=\"\"><\/div>\n<div class=\"image-3\"><img decoding=\"async\" loading=\"lazy\" src=\"http:\/\/voltum.pl\/wp-content\/uploads\/images\/slide-top-1-c.jpg\" alt=\"\"><\/div>\n<\/div>\n<div class=\"head-content\">\n<h1>Lorem Ipsum\u2026<\/h1>\n<h2>Lorem Ipsum is simply dummy text.<\/h2>\n<div class=\"right f-button\"><a href=\"\/realizacje\/\">Poznaj ofert\u0119<span><\/span> <span><\/span><\/a><\/div>\n<\/div>\n<\/div>\n<\/div>\n\n<\/div>\n<\/div>\n<\/div>\n\n\n\n<div class=\"wp-block-columns is-layout-flex wp-container-core-columns-is-layout-9d6595d7 wp-block-columns-is-layout-flex\">\n<div class=\"wp-block-column szary is-layout-flow wp-block-column-is-layout-flow\">\n<div class=\"wp-block-columns home-content is-layout-flex wp-container-core-columns-is-layout-9d6595d7 wp-block-columns-is-layout-flex\">\n<div class=\"wp-block-column is-layout-flow wp-block-column-is-layout-flow\">\n<div class=\"folio\">\n\n<figure class=\"effect-milo\"><img decoding=\"async\" src=\"http:\/\/voltum.pl\/wp-content\/uploads\/images\/1.jpg\" alt=\"Schody na beton\" title=\"Schody na beton\">\n<figcaption>\n<h2>Lorem <br>ipsum<\/h2>\n<p>Lorem Ipsum is simply dummy text of the printing and typesetting industry.<\/p>\n<a class=\"button-wh\" href=\"#\/\">Zobacz<\/a><\/figcaption>\n<\/figure>\n\n<figure class=\"effect-milo\"><img decoding=\"async\" src=\"http:\/\/voltum.pl\/wp-content\/uploads\/images\/2.jpg\" alt=\"Schody samono\u015bne\" title=\"Schody samono\u015bne\">\n<figcaption>\n<h2>Lorem <br>ipsum<\/h2>\n<p>Lorem Ipsum is simply dummy text of the printing and typesetting industry!<\/p>\n<a class=\"button-wh\" href=\"#\/\">Zobacz<\/a><\/figcaption>\n<\/figure>\n\n<figure class=\"effect-milo\"><img decoding=\"async\" src=\"http:\/\/voltum.pl\/wp-content\/uploads\/images\/3.jpg\" alt=\"Balustrady\" title=\"Balustrady\">\n<figcaption>\n<h2>Lorem <br>ipsum<\/h2>\n<p>Lorem Ipsum is simply dummy text of the printing and typesetting industry!<\/p>\n<a class=\"button-wh\" href=\"#\/\">Zobacz<\/a><\/figcaption>\n<\/figure>\n\n<\/div>\n<\/div>\n<\/div>\n<\/div>\n<\/div>\n\n\n\n<div class=\"wp-block-columns home-content is-layout-flex wp-container-core-columns-is-layout-9d6595d7 wp-block-columns-is-layout-flex\">\n<div class=\"wp-block-column o-nas is-layout-flow wp-block-column-is-layout-flow\">\n<h2>Voltum<\/h2>\n<div class=\"content__item-deco-2\"><\/div>\n\n\n\n<p>Jeste\u015bmy firma kt\u00f3ra znajduje si\u0119 od ponad 20 lat na pozna\u0144skim rynku. Zak\u0142ad produkcyjny mie\u015bci si\u0119 na pozna\u0144skim Grunwaldzie, natomiast nasze realizacje mo\u017cna ogl\u0105da\u0107 w ca\u0142ej Wielkopolsce.\u00a0<\/p>\n<p><strong>W samym 2021 roku wykonali\u015bmy ponad 180 instalacji elektrycznych!<\/strong><\/p>\n<\/div>\n<\/div>\n\n\n\n<div class=\"wp-block-columns is-layout-flex wp-container-core-columns-is-layout-9d6595d7 wp-block-columns-is-layout-flex\">\n<div class=\"wp-block-column is-layout-flow wp-block-column-is-layout-flow\">\n<div class=\"firma\">\n<div class=\"firma-content\">\n<h2>Nasze\n<br>realizacje<\/h2>\n<div class=\"content__item-deco-2\"><\/div>\n<p>Lorem Ipsum is simply dummy text of the printing and typesetting industry. Lorem Ipsum has been the industry&#8217;s standard dummy text ever since the 1500s. When an unknown printer took a galley.<\/p>\n<p>When an unknown printer took a galley.<\/p>\n<p>Ipsum has been the industry&#8217;s standard.<\/p>\n\n<div class=\"f-button\"><a class=\"\" href=\"realizacje\/\">Realizacje<span><\/span> <span><\/span><\/a><\/div>\n<\/div>\n<\/div>\n<\/div>\n<\/div>\n","protected":false},"excerpt":{"rendered":"<p>Lorem Ipsum\u2026 Lorem Ipsum is simply dummy text. Poznaj ofert\u0119 Lorem ipsum Lorem Ipsum is simply dummy text of the printing and typesetting industry. Zobacz Lorem ipsum Lorem Ipsum is simply dummy text of the printing and typesetting industry! Zobacz Lorem ipsum Lorem Ipsum is simply dummy text of the printing and typesetting industry! Zobacz [&hellip;]<\/p>\n","protected":false},"author":1,"featured_media":0,"parent":0,"menu_order":0,"comment_status":"closed","ping_status":"closed","template":"templates\/template-home.php","meta":{"footnotes":""},"class_list":["post-6","page","type-page","status-publish","hentry"],"_links":{"self":[{"href":"http:\/\/voltum.pl\/index.php?rest_route=\/wp\/v2\/pages\/6","targetHints":{"allow":["GET"]}}],"collection":[{"href":"http:\/\/voltum.pl\/index.php?rest_route=\/wp\/v2\/pages"}],"about":[{"href":"http:\/\/voltum.pl\/index.php?rest_route=\/wp\/v2\/types\/page"}],"author":[{"embeddable":true,"href":"http:\/\/voltum.pl\/index.php?rest_route=\/wp\/v2\/users\/1"}],"replies":[{"embeddable":true,"href":"http:\/\/voltum.pl\/index.php?rest_route=%2Fwp%2Fv2%2Fcomments&post=6"}],"version-history":[{"count":15,"href":"http:\/\/voltum.pl\/index.php?rest_route=\/wp\/v2\/pages\/6\/revisions"}],"predecessor-version":[{"id":28,"href":"http:\/\/voltum.pl\/index.php?rest_route=\/wp\/v2\/pages\/6\/revisions\/28"}],"wp:attachment":[{"href":"http:\/\/voltum.pl\/index.php?rest_route=%2Fwp%2Fv2%2Fmedia&parent=6"}],"curies":[{"name":"wp","href":"https:\/\/api.w.org\/{rel}","templated":true}]}}